 Calculate the remainder when 162 is divided by g.
10
Suppose 4*q = -26 + 18, -1058 = -3*f + 4*q. What is the remainder when f is divided by 60?
50
Let k(l) = -2*l + 8. Let z = 12 - -15. Let c = -2 + z. Calculate the remainder when c is divided by k(-3).
11
Suppose -2*l + l = 0. Let p(k) = -k - 4. Let m be p(l). What is the remainder when 6/m*4/(-3) is divided by 1?
0
Calculate the remainder when 3 + (-12 - -8 - -93) is divided by 19.
16
Suppose 32*w - 31*w - 20 = 0. Suppose -5*h - w = 0, -x + 0*x = -3*h - 46. Calculate the remainder when x is divided by 5.
4
Let j = -5 + 7. Let g be 86/j - (-8 - -7). Calculate the remainder when g/3*(-3)/(-2) is divided by 5.
2
Calculate the remainder when (21/(-28))/((-9)/1668) is divided by (-1 + 36)/(8*6/48).
34
Let q(x) = 8*x**2 - 2*x - 3. Let s(y) = -y - 4. Let b be s(-2). Let n(r) = -r - 1. Let i(w) = b*n(w) + q(w). What is the remainder when i(1) is divided by 2?
1
Let j(x) = -x**3 - 22*x**2 + 48*x + 27. Calculate the remainder when 101 is divided by j(-24).
20
Let n(q) = q**2 - 23*q - 31. Calculate the remainder when n(33) is divided by 30.
29
Let l(q) = -q**3 - 9*q**2 + 34*q. What is the remainder when 58 is divided by l(-12)?
10
Let n = -41 - -60. Suppose 5*f = y + f - n, 5*y = -3*f + 3. What is the remainder when y is divided by 2?
1
Suppose 5*m - 25 = -4*u, 3*m + 4*u - 7*u - 15 = 0. Let f = -1 + 10. What is the remainder when f is divided by m?
4
Suppose -4*m + 97 = -3*w, 2*w - 77 = 16*m - 19*m. Let a be (0 - -2)*1 - -51. Let i = a + -5. Calculate the remainder when i is divided by m.
23
Let p(t) = t - 10. Let r be p(10). Suppose o + 22 + 11 = r. Let i = o + 45. What is the remainder when i is divided by 5?
2
Let w = 27 + -118. Let y = w - -95. Calculate the remainder when 41 is divided by y.
1
Suppose 18*c = 332 - 8. What is the remainder when 195 is divided by c?
15
Let v(a) = a**3 - 5*a**2 + 5*a - 1. Let f be v(4). Let g(p) = p - 10 - f*p - 4*p. What is the remainder when 77 is divided by g(-5)?
17
Suppose -u = -5*b + 67, 2*u + 40 = 4*b - 10. Suppose 3*z + 608 = 3563. Calculate the remainder when z/25 + (-4)/10 is divided by b.
11
Let z(f) = -f**3 + 31*f**2 - 162*f - 17. Calculate the remainder when 971 is divided by z(7).
21
Suppose -103*m + 90*m = -767. Suppose 2*y - 27 = y - 2*w, -90 = -4*y + w. What is the remainder when m is divided by y?
13
Let s(m) = -m**2 + 7*m + 46. Calculate the remainder when 164 is divided by s(9).
24
Let k(s) = -s**3 - 9*s**2 - 4*s + 20. Let u be k(-9). Suppose -w = -0*w - u. Let b = 64 - 45. What is the remainder when w is divided by b?
18
Let g = 62 - 62. Suppose 0 = 5*i + 25, -2*f + g*f - 3*i = -41. What is the remainder when f is divided by 10?
8
Suppose -5*a + 189 + 121 = 0. Let g = a - 34. What is the remainder when 107 is divided by g?
23
Let j(i) = -i**2 + 56*i - 498. Calculate the remainder when j(44) is divided by 9.
3
Suppose -4*w + 12 = 0, -q - 6 - 3 = 2*w. Let i(y) be the second derivative of -y**3/6 + 3*y**2 - 2*y. Calculate the remainder when i(q) is divided by 11.
10
Suppose 1525 = 4*u + u + 2*z, -15 = -3*z. Calculate the remainder when u is divided by 33.
6
Suppose -2*v + 53 = 2*v - 5*c, c = -4*v + 71. What is the remainder when v is divided by 12/5*7*(-30)/(-63)?
1
Let g = 5 + 4. Suppose -30 = -2*h + 5*c, -3*h + 4 = 4*c - 18. What is the remainder when (-6)/g + 928/24 is divided by h?
8
Suppose -54 = -4*p - 2*h, 39 = 3*p - 12*h + 15*h. What is the remainder when 33 is divided by p?
5
Suppose 5*r + 10 = 0, 5*f = 4*r + 465 - 32. Calculate the remainder when 846 is divided by f.
81
Let q be (-1)/3 - (-5)/15. Suppose b - 4*h - 16 = q, h - 15 = 6*h. What is the remainder when 61 is divided by (-4)/((-8)/b) - -14?
13
Let j(o) = -2*o - 16. Let m be j(-8). Suppose -2*q = -m*q - 24. Calculate the remainder when q is divided by 4.
0
Suppose 4*o - 119 = -6*s + s, o = 1. Let z = s + -15. Calculate the remainder when 14 is divided by z.
6
Suppose -s + 3 = -3. Calculate the remainder when (3 - 8 - -2) + 1 + 10 is divided by s.
2
Let l be (4/(-5))/((-8)/160). Suppose -d + 6 + 2 = -3*k, -4*d + 22 = -2*k. What is the remainder when l + k + 6/(-3) is divided by 4?
1
Suppose -19 = -3*g + 314. Calculate the remainder when g is divided by 21.
6
Let k = -29 + 31. Suppose 4*j - 2*c - 124 = 0, -3*j - 2*j + 173 = k*c. Let r = 34 - j. What is the remainder when 1 is divided by r?
0
Let c(v) = v. Let x be c(0). Suppose x = -3*q + 5*n + 514, q - 2*n - 230 = -60. What is the remainder when q is divided by 45?
43
Suppose 0 = -15*u - 8 + 578. Calculate the remainder when u is divided by (0/(-2))/(-1) - -10.
8
Let g be 1/4*0 + 2. Let f(p) = -10*p**3 - 2*p**2 - 1 - g*p - 5*p**3 + 2*p**2. Calculate the remainder when 63 is divided by f(-1).
15
What is the remainder when 180 is divided by (33/(-11) - -6) + (-39)/(-1)?
12
Suppose -159 = 3*z - 4*z + 2*j, -2*z - j = -318. Calculate the remainder when z is divided by 43.
30
Suppose 0 = -5*d + 5*b + 450, -5*d + 5 = -b - 441. Suppose -6*c = -2*c - 12, 4*c = -4*p + 84. What is the remainder when d is divided by p?
17
Let s be (-12)/(-3) - (-1 - -1). Suppose s*v + 0*v = 24. Suppose -v*b = -2*b - 260. What is the remainder when b is divided by 11?
10
Let q(s) = -s**2 + 50*s - 143. Calculate the remainder when 280 is divided by q(46).
34
Let h = -41 - -45. Suppose -v + n + 5 + 4 = 0, -h*v - 5*n = -27. What is the remainder when 14 is divided by v?
6
Suppose 11 = 3*w - 16. Let j(o) = o**2 - o + 6. Let u be j(5). Let x = -11 + u. Calculate the remainder when x is divided by w.
6
Let s be (104/(-12) - -8) + 1060/6. Let d = s - 100. Calculate the remainder when d is divided by 20.
16
Let p be (-9)/(-5) + (-1)/(-5). Let j(t) = 4*t**2 + 26*t - 95. Calculate the remainder when (p - 3)/1 - -74 is divided by j(3).
16
Suppose 0 = -5*x + 31 - 6. Let u = -94 + 66. Let a = -20 - u. Calculate the remainder when a is divided by x.
3
Let k be 2/(-4) - 206/(-4). Let l = k - 26. What is the remainder when l is divided by 2 + 15/2 - 132/264?
7
Let c(x) = x**2 - 6. Let t be c(2). What is the remainder when (362/(-2) - -3)/t is divided by 15?
14
Calculate the remainder when 233 is divided by -2 - (95/15)/(4/(-72)).
9
Let j(z) = z - 2. Let u be j(4). Let n = u - -70. Calculate the remainder when -4 + 1 - n/(-1) is divided by 18.
15
Suppose -2*z = 3*z - 470. Calculate the remainder when z is divided by -18*21/28*((-32)/18 - 0).
22
Let g(h) = -6*h. Let b be (-2)/11 + 2/11. Suppose b = c + c + i - 2, 2*c + 5*i = 18. What is the remainder when 10 is divided by g(c)?
4
Let w(d) = -2*d + 333. Calculate the remainder when w(-32) is divided by 8.
5
Suppose -3*s = c + 9, -2*s + 2*c - 1 + 3 = 0. Calculate the remainder when 74 is divided by -7 - s - 75/(-3).
14
Suppose -5*c + 4*o = -359, -253*o = 3*c - 248*o - 208. What is the remainder when 77 is divided by c?
6
Suppose -2*r + 15 = -1. Suppose 0 = -4*f + 7*f - 87. Suppose 6*k - f - 73 = 0. What is the remainder when k is divided by r?
1
Suppose 3*j + 2*b = 1481, 1486 = 2*j + j + b. Calculate the remainder when j is divided by 50.
47
Suppose 3*z + 49 = 3*q + 4*z, -3*q + 5*z = -79. Let w(u) = u + 19. What is the remainder when q is divided by w(-9)?
8
Let r = -152 - -107. Let k = r + 58. What is the remainder when k is divided by 3?
1
Calculate the remainder when 635 is divided by 58*2/4 - (165 - 158).
19
Let b be (4/(-6))/((-10)/105). Let k = 66 + -28. What is the remainder when k is divided by (2 + 1 - 0) + b?
8
Let l(b) be the third derivative of b**5/30 - b**3/2 + 18*b**2. What is the remainder when 10 is divided by l(2)?
0
Let g(t) = -t**2 + 11*t + 36. What is the remainder when g(12) is divided by 17?
7
Suppose x - 2*r = 24, 3*x - 5*r = -0*x + 67. Suppose -l + 53 + 263 = 5*w, w + l - 60 = 0. Let v = -26 + w. Calculate the remainder when v is divided by x.
10
Let o = -4 + 7. Suppose -4*r - 5*u = -0*u + 5, -o*u = 2*r + 5. Suppose -n - 4*l + 5 = 0, n - 2*n + 3*l + r = 0. What is the remainder when 14 is divided by n?
4
Let n = -17 - -7. Let v(j) = j**3 + 10*j**2 - j - 10. Let i be v(n). Suppose i = -3*q + 51 + 3. What is the remainder when q is divided by 7?
4
Let b(f) = -2*f**3 - 19*f**2 - 37*f - 7. Calculate the remainder when 27 is divided by b(-7).
6
Suppose 4*y + 86 = 54. Let z = y - -57. Let u(p) = -p**3 - 2*p